{"id":25,"date":"2025-03-06T22:24:48","date_gmt":"2025-03-06T22:24:48","guid":{"rendered":"https:\/\/infotec06.ghsvids.org\/MG_Creations\/?page_id=25"},"modified":"2025-06-10T02:11:47","modified_gmt":"2025-06-10T02:11:47","slug":"why-us","status":"publish","type":"page","link":"https:\/\/infotec06.ghsvids.org\/MG_Creations\/home\/why-us\/","title":{"rendered":"Why Us?"},"content":{"rendered":"<p>Creo que a la gente le gustar\u00e1 mi trabajo y me elegir\u00e1n porque me encanta lo que hago, le pongo muchas ganas y coraz\u00f3n. Y como estoy empezando, mi familia y amigos confiar\u00e1n m\u00e1s en m\u00ed que en una empresa o p\u00e1gina web.<\/p>\n<p><img loading=\"lazy\" decoding=\"async\" class=\"size-medium wp-image-209 aligncenter\" src=\"https:\/\/infotec06.ghsvids.org\/MG_Creations\/wp-content\/uploads\/2025\/06\/1b9de92d-22f2-44b9-aa07-947856b6ba00-300x298.jpeg\" alt=\"\" width=\"300\" height=\"298\" srcset=\"https:\/\/infotec06.ghsvids.org\/MG_Creations\/wp-content\/uploads\/2025\/06\/1b9de92d-22f2-44b9-aa07-947856b6ba00-300x298.jpeg 300w, https:\/\/infotec06.ghsvids.org\/MG_Creations\/wp-content\/uploads\/2025\/06\/1b9de92d-22f2-44b9-aa07-947856b6ba00-150x150.jpeg 150w, https:\/\/infotec06.ghsvids.org\/MG_Creations\/wp-content\/uploads\/2025\/06\/1b9de92d-22f2-44b9-aa07-947856b6ba00.jpeg 487w\" sizes=\"auto, (max-width: 300px) 100vw, 300px\" \/><\/p>\n","protected":false},"excerpt":{"rendered":"<p>Creo que a la gente le gustar\u00e1 mi trabajo y me elegir\u00e1n porque me encanta lo que hago, le pongo muchas ganas y coraz\u00f3n. Y como estoy empezando, mi familia y amigos confiar\u00e1n m\u00e1s en m\u00ed que en una empresa o p\u00e1gina web.<\/p>\n","protected":false},"author":1,"featured_media":0,"parent":13,"menu_order":2,"comment_status":"closed","ping_status":"closed","template":"","meta":{"pagelayer_contact_templates":[],"_pagelayer_content":"","footnotes":""},"class_list":["post-25","page","type-page","status-publish","hentry"],"_links":{"self":[{"href":"https:\/\/infotec06.ghsvids.org\/MG_Creations\/wp-json\/wp\/v2\/pages\/25","targetHints":{"allow":["GET"]}}],"collection":[{"href":"https:\/\/infotec06.ghsvids.org\/MG_Creations\/wp-json\/wp\/v2\/pages"}],"about":[{"href":"https:\/\/infotec06.ghsvids.org\/MG_Creations\/wp-json\/wp\/v2\/types\/page"}],"author":[{"embeddable":true,"href":"https:\/\/infotec06.ghsvids.org\/MG_Creations\/wp-json\/wp\/v2\/users\/1"}],"replies":[{"embeddable":true,"href":"https:\/\/infotec06.ghsvids.org\/MG_Creations\/wp-json\/wp\/v2\/comments?post=25"}],"version-history":[{"count":11,"href":"https:\/\/infotec06.ghsvids.org\/MG_Creations\/wp-json\/wp\/v2\/pages\/25\/revisions"}],"predecessor-version":[{"id":307,"href":"https:\/\/infotec06.ghsvids.org\/MG_Creations\/wp-json\/wp\/v2\/pages\/25\/revisions\/307"}],"up":[{"embeddable":true,"href":"https:\/\/infotec06.ghsvids.org\/MG_Creations\/wp-json\/wp\/v2\/pages\/13"}],"wp:attachment":[{"href":"https:\/\/infotec06.ghsvids.org\/MG_Creations\/wp-json\/wp\/v2\/media?parent=25"}],"curies":[{"name":"wp","href":"https:\/\/api.w.org\/{rel}","templated":true}]}}